{"id":462,"date":"2017-11-08T12:26:07","date_gmt":"2017-11-08T11:26:07","guid":{"rendered":"http:\/\/www.alain-lefebvre-psychologue.fr\/?page_id=462"},"modified":"2024-11-27T22:24:18","modified_gmt":"2024-11-27T21:24:18","slug":"hypnose","status":"publish","type":"page","link":"https:\/\/alain-lefebvre-psychologue.com\/index.php\/hypnose\/","title":{"rendered":"Hypnose"},"content":{"rendered":"<p style=\"text-align: justify;\"><span style=\"color: #9660cc;\"><em><strong>Dans la pratique, <\/strong><\/em><\/span>le sujet est invit\u00e9 \u00e0 se relaxer profond\u00e9ment, il ne dort pas, et peut intervenir si quelque chose ne lui convenait pas, il n\u2019a rien d\u2019autre \u00e0 faire que de se laisser porter par le son de la voix du th\u00e9rapeute et l\u2019inconscient op\u00e8re sous suggestions pour \u0153uvrer au mieux pour le sujet, son \u00e9volution positive et le d\u00e9ploiement de son plein potentiel.<\/p>\n<p style=\"text-align: justify;\"><span style=\"color: #9660cc;\"><strong>Qu&rsquo;est ce que l&rsquo;hypnose ?<img loading=\"lazy\" decoding=\"async\" class=\"alignright wp-image-564 size-full\" src=\"https:\/\/alain-lefebvre-psychologue.com\/wp-content\/uploads\/2017\/11\/Clouds-1.jpg\" alt=\"\" width=\"276\" height=\"150\" \/> <\/strong><\/span><br \/>\nL\u2019hypnose est un \u00e9tat de conscience modifi\u00e9 naturel utilis\u00e9 comme moyen th\u00e9rapeutique. Son efficacit\u00e9 tient du fait que le th\u00e9rapeute accompagne le patient vers ses propres ressources inconscientes dont il ignore parfois l\u2019existence. Le th\u00e9rapeute et le patient sont en \u00ab\u00a0co-cr\u00e9ation\u00a0\u00bb de mani\u00e8re \u00e0 laisser agir et travailler parfaitement\u00a0l&rsquo;inconscient du sujet dans un sens ouvert et positif en \u00e9tant accompagn\u00e9\u00a0en confiance et encadr\u00e9\u00a0par le th\u00e9rapeute.<\/p>\n<p style=\"text-align: justify;\"><span style=\"color: #9660cc;\"><strong>Pourquoi \u00ab\u00a0\u00e9tat naturel\u00a0\u00bb\u00a0?<\/strong><\/span> Parce que la \u00ab\u00a0transe hypnotique\u00a0\u00bb, l\u2019\u00e9tat de conscience sous hypnose, est, en fait, une accentuation des \u00e9tats psychiques courants comme la r\u00eaverie dans laquelle on s\u2019enveloppe pour se laisser porter au gr\u00e9 des id\u00e9es, des pens\u00e9es, des images. Les images hypnagogiques, par exemple, sont les diff\u00e9rentes visions que l\u2019on peut d\u00e9couvrir \u00e0 l\u2019endormissement quand le corps se d\u00e9tend et se pr\u00e9pare au sommeil. Un pont vers l\u2019inconscient de la personne se met alors en place pour ouvrir les portes des r\u00eaves et de la r\u00e9g\u00e9n\u00e9rescence. Ce sont aussi les \u00e9tats o\u00f9 l\u2019on agit \u00ab\u00a0machinalement\u00a0\u00bb, en conduisant sa voiture, en prenant les transports pour un trajet que l\u2019on a d\u00e9j\u00e0 fait plusieurs fois et o\u00f9 la vigilance de chaque action n\u2019est plus forc\u00e9ment requise, le mode est devenu \u00ab\u00a0automatique\u00a0\u00bb en quelque sorte&#8230;<\/p>\n<p style=\"text-align: justify;\"><img loading=\"lazy\" decoding=\"async\" class=\"aligncenter wp-image-464 size-medium\" src=\"https:\/\/alain-lefebvre-psychologue.com\/wp-content\/uploads\/2017\/11\/10606025_494188434051557_8339349169430370027_n-300x169.jpg\" alt=\"\" width=\"300\" height=\"169\" srcset=\"https:\/\/alain-lefebvre-psychologue.com\/wp-content\/uploads\/2017\/11\/10606025_494188434051557_8339349169430370027_n-300x169.jpg 300w, https:\/\/alain-lefebvre-psychologue.com\/wp-content\/uploads\/2017\/11\/10606025_494188434051557_8339349169430370027_n-768x432.jpg 768w, https:\/\/alain-lefebvre-psychologue.com\/wp-content\/uploads\/2017\/11\/10606025_494188434051557_8339349169430370027_n-900x506.jpg 900w, https:\/\/alain-lefebvre-psychologue.com\/wp-content\/uploads\/2017\/11\/10606025_494188434051557_8339349169430370027_n.jpg 960w\" sizes=\"auto, (max-width: 300px) 100vw, 300px\" \/><\/p>\n<p style=\"text-align: justify;\"><span style=\"color: #9660cc;\"><strong>Cette pratique<\/strong><\/span> permet donc de pouvoir contourner la censure de la conscience diurne afin de d\u00e9nouer les conflits psychiques, les mal-\u00eatres, &#8230; les diff\u00e9rentes sources de probl\u00e8mes, de troubles afin de r\u00e9harmoniser les points de d\u00e9saccords avec soi-m\u00eame et l\u2019environnement, mais aussi de d\u00e9passer les traumatismes et autres sympt\u00f4mes. La transe instaure la r\u00e9ceptivit\u00e9 de la suggestion bienfaisante dans \u00ab\u00a0l\u2019inconscient\u00a0\u00bb du patient. Cet \u00ab\u00a0inconscient\u00a0\u00bb est suffisamment cr\u00e9atif et va savoir ce qu\u2019il faut faire pour <strong>orienter la r\u00e9organisation, l\u2019am\u00e9lioration voire la gu\u00e9rison de la personne.<\/strong><\/p>\n<p style=\"text-align: justify;\">C\u2019est\u00a0 une technique qui permet \u00e9galement<strong> de valoriser, d\u2019optimiser le potentiel, les ressources et les comp\u00e9tences de chacun,<\/strong> la PNL, sous-jacente \u00e0 cette pratique, a d\u2019ailleurs pris ses racines dans l\u2019analyse des proc\u00e9d\u00e9s employ\u00e9s par des th\u00e9rapeutes exceptionnels dont Milton Erickson, qui a donn\u00e9 son nom \u00e0 cette approche de l\u2019inconscient.<\/p>\n<p>Pour me contacter: 06.32.16.47.99 ou par mail: <strong><a href=\"http:\/\/alain-lefebvre-psychologue.fr\/index.php\/contacts-paiements\/\">Contact\/Rappel gratuit<\/a><\/strong><\/p>\n<p>ou prendre rdv par Doctolib&rsquo; en cliquant <a href=\"https:\/\/www.doctolib.fr\/psychologue\/paris\/alain-lefebvre-new\">ICI<\/a>.<\/p>\n<p style=\"text-align: justify;\"><img loading=\"lazy\" decoding=\"async\" class=\"aligncenter wp-image-466 size-medium\" src=\"https:\/\/alain-lefebvre-psychologue.com\/wp-content\/uploads\/2017\/11\/file_20161004180810185050127041095-300x150.jpg\" alt=\"\" width=\"300\" height=\"150\" srcset=\"https:\/\/alain-lefebvre-psychologue.com\/wp-content\/uploads\/2017\/11\/file_20161004180810185050127041095-300x150.jpg 300w, https:\/\/alain-lefebvre-psychologue.com\/wp-content\/uploads\/2017\/11\/file_20161004180810185050127041095-768x384.jpg 768w, https:\/\/alain-lefebvre-psychologue.com\/wp-content\/uploads\/2017\/11\/file_20161004180810185050127041095.jpg 800w\" sizes=\"auto, (max-width: 300px) 100vw, 300px\" \/><\/p>\n","protected":false},"excerpt":{"rendered":"<p>Dans la pratique, le sujet est invit\u00e9 \u00e0 se relaxer profond\u00e9ment, il ne dort pas, et peut intervenir si quelque chose ne lui convenait pas, il n\u2019a rien d\u2019autre \u00e0 faire que de se laisser porter par le son de la voix du th\u00e9rapeute et l\u2019inconscient op\u00e8re sous suggestions pour \u0153uvrer au mieux pour le [&hellip;]<\/p>\n","protected":false},"author":1,"featured_media":0,"parent":0,"menu_order":0,"comment_status":"closed","ping_status":"closed","template":"full-width-page-template.php","meta":{"footnotes":""},"class_list":["post-462","page","type-page","status-publish","hentry"],"_links":{"self":[{"href":"https:\/\/alain-lefebvre-psychologue.com\/index.php\/wp-json\/wp\/v2\/pages\/462","targetHints":{"allow":["GET"]}}],"collection":[{"href":"https:\/\/alain-lefebvre-psychologue.com\/index.php\/wp-json\/wp\/v2\/pages"}],"about":[{"href":"https:\/\/alain-lefebvre-psychologue.com\/index.php\/wp-json\/wp\/v2\/types\/page"}],"author":[{"embeddable":true,"href":"https:\/\/alain-lefebvre-psychologue.com\/index.php\/wp-json\/wp\/v2\/users\/1"}],"replies":[{"embeddable":true,"href":"https:\/\/alain-lefebvre-psychologue.com\/index.php\/wp-json\/wp\/v2\/comments?post=462"}],"version-history":[{"count":19,"href":"https:\/\/alain-lefebvre-psychologue.com\/index.php\/wp-json\/wp\/v2\/pages\/462\/revisions"}],"predecessor-version":[{"id":871,"href":"https:\/\/alain-lefebvre-psychologue.com\/index.php\/wp-json\/wp\/v2\/pages\/462\/revisions\/871"}],"wp:attachment":[{"href":"https:\/\/alain-lefebvre-psychologue.com\/index.php\/wp-json\/wp\/v2\/media?parent=462"}],"curies":[{"name":"wp","href":"https:\/\/api.w.org\/{rel}","templated":true}]}}