{"id":14,"date":"2016-08-06T14:18:25","date_gmt":"2016-08-06T13:18:25","guid":{"rendered":"http:\/\/www.alain-lefebvre-psychologue.fr\/blog\/?page_id=14"},"modified":"2026-04-01T14:14:37","modified_gmt":"2026-04-01T13:14:37","slug":"mon-parcours","status":"publish","type":"page","link":"https:\/\/alain-lefebvre-psychologue.com\/index.php\/mon-parcours\/","title":{"rendered":"Mon parcours"},"content":{"rendered":"<p style=\"text-align: justify;\">&#8211; Master II, professionnel en psychologie clinique et psychopathologie<br \/>\n(Universit\u00e9 Paris VII en 2006 &#8211; N\u00b0 ADELI 759315963)<\/p>\n<p style=\"text-align: justify;\">M\u00e9moire de Ma\u00eetrise : De la catharsis \u00e0 la subjectivation<br \/>\nM\u00e9moire de Master 2 : Identification et espace transitionnel<\/p>\n<p>&#8211; Master II, Recherche en psychologie clinique et psychopathologie (Universit\u00e9 Paris VII en 2012)<\/p>\n<p>&#8211; Formation Didactique \u00e0 la D.E.I., \u00ab\u00a0D\u00e9toxication \u00c9motionnelle et Informationnelle\u00a0\u00bb et aux Constellations Familiales (Jacob-Vladimir Balga)<\/p>\n<p>&#8211; Paradox School (David Laroche) &#8211; Productivit\u00e9\/ Psychologie de l&rsquo;argent\/ Coaching<\/p>\n<p>&#8211; Formation de Clairvoyance et initiations aux plantes enth\u00e9og\u00e8nes (Alexandre Anatman)<\/p>\n<p>&#8211; Stage \u00ab\u00a0La Ma\u00eetrise de l&rsquo;Amour\u00a0\u00bb (Pierre-Alexandre Morales initi\u00e9 par Don Miguel Ruiz)<\/p>\n<p>&#8211; \u00c9cole d&rsquo;Harmonisation \u00c9nerg\u00e9tique et Clair-perceptions &#8211; Approfondissement et perfectionnement (N. Levachoff-Y.Lipnik)<\/p>\n<p>&#8211; Formation \u00e0 l&rsquo;approche Syst\u00e9mique de la fonction d&rsquo;Accompagnement- relation Soignant\/Soign\u00e9 (1 et 2, Fran\u00e7oise M\u00fchr)<\/p>\n<p>&#8211; Stages R.S.M., \u00ab\u00a0R\u00e9conciliation avec Soi-M\u00eame\u00a0\u00bb, 1 et 2, (Fran\u00e7oise M\u00fchr)<\/p>\n<p style=\"text-align: justify;\">&#8211; Formation \u00e0 la technique EMDR<br \/>\n&#8211; Formation de Praticien en Hypnose Ericksonienne<br \/>\n&#8211; Formation en r\u00e9\u00e9quilibrage \u00e9motionnel niv. 1 et 2 (R\u00e9gis Grouard)<\/p>\n<p style=\"text-align: justify;\">&#8211; Formation \u00ab\u00a0Pratique de l&rsquo;Intuition et du 6\u00e8me sens\u00a0\u00bb (mod.1, Kathy Hanke)<\/p>\n<p>&#8211; Stage de communication animale et avec le vivant (Peggy Reboul)<\/p>\n<p>&#8211; Stage de Clairvoyance (Christophe Allain)<\/p>\n<p>-Formation en d\u00e9codage intuitif (Sylvain B\u00e9langer)<\/p>\n<p style=\"text-align: justify;\">&#8211; Stages et exp\u00e9riences en h\u00f4pitaux psychiatriques pour des suivis d\u2019adultes et d\u2019adolescents, en lib\u00e9ral, en partenariat avec les services d\u2019aides sociaux, conseil aupr\u00e8s d\u2019un procureur au TGI de Paris, animation d\u2019ateliers d\u2019art th\u00e9rapie, groupe de parole et psychodrame analytique.<br \/>\n&#8211; S\u00e9minaires de formation continue au sein de l\u2019ALI (association Lacanienne internationale), dont cursus EPHEP (\u00c9cole Pratique des Hautes \u00c9tudes en Psychopathologie) de 2007 \u00e0 2012<\/p>\n<p>&#8211; Formations didactiques : Psychanalyse, analyse transactionnelle<img loading=\"lazy\" decoding=\"async\" class=\"alignright wp-image-63\" src=\"https:\/\/alain-lefebvre-psychologue.com\/wp-content\/uploads\/2016\/08\/image-psy4-225x300.gif\" alt=\"\" width=\"159\" height=\"211\" \/><br \/>\n&#8211; Formation ETSUP de Conseiller professionnel<br \/>\n&#8211; PNL, relaxation<\/p>\n<p>&#8211; Approche intuitive et \u00e9nerg\u00e9tique<\/p>\n<p>&#8211; Art dramatique, cours de Th\u00e9\u00e2tre et de mise en sc\u00e8ne (Luc Charpentier, Oscar Sisto)<\/p>\n<p>&#8211; Musique: Cours de chant, guitare, piano, harmonie, composition.<\/p>\n<hr \/>\n<p><strong><a href=\"http:\/\/alain-lefebvre-psychologue.fr\/index.php\/ma-pratique\/\">Ma pratique<\/a><\/strong><\/p>\n<p><strong><a href=\"http:\/\/alain-lefebvre-psychologue.fr\/index.php\/consultations\/\">Consultations<\/a><br \/>\n<\/strong><\/p>\n<p style=\"text-align: justify;\"><a href=\"_wp_link_placeholder\" data-wplink-edit=\"true\"><strong>Contact\/Rappel gratuit<\/strong><\/a><\/p>\n<p>RDV <a href=\"https:\/\/www.doctolib.fr\/psychologue\/paris\/alain-lefebvre-new\">Doctolib&rsquo;<\/a><\/p>\n<p><img loading=\"lazy\" decoding=\"async\" class=\"aligncenter wp-image-373\" src=\"https:\/\/alain-lefebvre-psychologue.com\/wp-content\/uploads\/2016\/08\/15062009280-300x225.jpg\" alt=\"withdolphin\" width=\"475\" height=\"356\" srcset=\"https:\/\/alain-lefebvre-psychologue.com\/wp-content\/uploads\/2016\/08\/15062009280-300x225.jpg 300w, https:\/\/alain-lefebvre-psychologue.com\/wp-content\/uploads\/2016\/08\/15062009280-768x576.jpg 768w, https:\/\/alain-lefebvre-psychologue.com\/wp-content\/uploads\/2016\/08\/15062009280-1024x768.jpg 1024w, https:\/\/alain-lefebvre-psychologue.com\/wp-content\/uploads\/2016\/08\/15062009280-900x675.jpg 900w, https:\/\/alain-lefebvre-psychologue.com\/wp-content\/uploads\/2016\/08\/15062009280-1280x960.jpg 1280w\" sizes=\"auto, (max-width: 475px) 100vw, 475px\" \/><\/p>\n","protected":false},"excerpt":{"rendered":"<p>&#8211; Master II, professionnel en psychologie clinique et psychopathologie (Universit\u00e9 Paris VII en 2006 &#8211; N\u00b0 ADELI 759315963) M\u00e9moire de Ma\u00eetrise : De la catharsis \u00e0 la subjectivation M\u00e9moire de Master 2 : Identification et espace transitionnel &#8211; Master II, Recherche en psychologie clinique et psychopathologie (Universit\u00e9 Paris VII en 2012) &#8211; Formation Didactique \u00e0 [&hellip;]<\/p>\n","protected":false},"author":1,"featured_media":0,"parent":0,"menu_order":0,"comment_status":"closed","ping_status":"closed","template":"full-width-page-template.php","meta":{"footnotes":""},"class_list":["post-14","page","type-page","status-publish","hentry"],"_links":{"self":[{"href":"https:\/\/alain-lefebvre-psychologue.com\/index.php\/wp-json\/wp\/v2\/pages\/14","targetHints":{"allow":["GET"]}}],"collection":[{"href":"https:\/\/alain-lefebvre-psychologue.com\/index.php\/wp-json\/wp\/v2\/pages"}],"about":[{"href":"https:\/\/alain-lefebvre-psychologue.com\/index.php\/wp-json\/wp\/v2\/types\/page"}],"author":[{"embeddable":true,"href":"https:\/\/alain-lefebvre-psychologue.com\/index.php\/wp-json\/wp\/v2\/users\/1"}],"replies":[{"embeddable":true,"href":"https:\/\/alain-lefebvre-psychologue.com\/index.php\/wp-json\/wp\/v2\/comments?post=14"}],"version-history":[{"count":34,"href":"https:\/\/alain-lefebvre-psychologue.com\/index.php\/wp-json\/wp\/v2\/pages\/14\/revisions"}],"predecessor-version":[{"id":898,"href":"https:\/\/alain-lefebvre-psychologue.com\/index.php\/wp-json\/wp\/v2\/pages\/14\/revisions\/898"}],"wp:attachment":[{"href":"https:\/\/alain-lefebvre-psychologue.com\/index.php\/wp-json\/wp\/v2\/media?parent=14"}],"curies":[{"name":"wp","href":"https:\/\/api.w.org\/{rel}","templated":true}]}}