{"id":12,"date":"2016-08-06T14:16:53","date_gmt":"2016-08-06T13:16:53","guid":{"rendered":"http:\/\/www.alain-lefebvre-psychologue.fr\/blog\/?page_id=12"},"modified":"2024-11-27T22:23:01","modified_gmt":"2024-11-27T21:23:01","slug":"ma-pratique","status":"publish","type":"page","link":"https:\/\/alain-lefebvre-psychologue.com\/index.php\/ma-pratique\/","title":{"rendered":"Ma pratique"},"content":{"rendered":"<p style=\"text-align: justify;\">En d\u00e9but de s\u00e9ance, je commence simplement par \u00e9couter ce que vous dites, c\u2019est la phase d\u2019exploration de la difficult\u00e9 puis je vous pose des questions pr\u00e9cises, parfois confrontantes, qui me permettent de mieux vous situer, c\u2019est la phase d\u2019analyse de votre fonctionnement.<\/p>\n<p style=\"text-align: justify;\">S\u2019il y a lieu, en m\u2019appuyant sur des leviers conscients et inconscients, mon r\u00f4le sera de vous guider jusqu\u2019\u00e0 retrouver vos vrais d\u00e9sirs et besoins (enfouis ou enfuis) de mani\u00e8re \u00e0 soulager vos souffrances. Nous pouvons alors \u00eatre amen\u00e9s \u00e0 rechercher le \u00ab pourquoi \u00bb de vos troubles et ainsi acc\u00e9der \u00e0 vos propres solutions, ou en trouver <img loading=\"lazy\" decoding=\"async\" class=\"alignright wp-image-124 size-medium\" src=\"https:\/\/alain-lefebvre-psychologue.com\/wp-content\/uploads\/2016\/08\/lotus1-229x300.png\" alt=\"lotus1\" width=\"229\" height=\"300\" srcset=\"https:\/\/alain-lefebvre-psychologue.com\/wp-content\/uploads\/2016\/08\/lotus1-229x300.png 229w, https:\/\/alain-lefebvre-psychologue.com\/wp-content\/uploads\/2016\/08\/lotus1.png 338w\" sizes=\"auto, (max-width: 229px) 100vw, 229px\" \/>ensemble de fa\u00e7on concr\u00e8te. Nous pourrons alors d\u00e9finir des objectifs dans une temporalit\u00e9 ad\u00e9quate.<\/p>\n<p style=\"text-align: justify;\"><span style=\"color: #9660cc;\"><strong>Pourquoi vous confier \u00e0 moi pour r\u00e9soudre vos probl\u00e8mes, plut\u00f4t qu\u2019\u00e0 votre entourage ? <\/strong><\/span><\/p>\n<p style=\"text-align: justify;\">De part mes formations et ma sensibilit\u00e9, j\u2019ai pu d\u00e9velopper une autre \u00e9coute, neutre, bienveillante et orient\u00e9e vers le soin, le mieux \u00eatre, la gu\u00e9rison, c\u2019est ce que dans notre \u00abjargon\u00bb nous appelons la \u00abvectorisation\u00bb. Cela se passe en toute s\u00e9curit\u00e9 et confidentialit\u00e9, \u00e9tant soumis au <a href=\"http:\/\/www.psychologue.fr\/code-deontologie.php\">code de d\u00e9ontologie des psychologues<\/a> qui met en avant le secret professionnel.<\/p>\n<p style=\"text-align: justify;\">Pour chacune des probl\u00e9matiques rencontr\u00e9es, je m\u2019attache \u00e0 faire\u00a0du \u00absur mesure\u00bb en mettant en \u0153uvre une approche, une th\u00e9rapeutique qui vous convienne; chacun est unique et\u00a0diff\u00e9rent, ainsi votre th\u00e9rapie vous est adapt\u00e9e.<\/p>\n<p>Cliquez pour en savoir plus sur: l&rsquo;<a href=\"http:\/\/alain-lefebvre-psychologue.fr\/index.php\/emdr\/\"><span style=\"color: #ff0000;\">EMDR<\/span><\/a>, l&rsquo;<a href=\"http:\/\/alain-lefebvre-psychologue.fr\/index.php\/hypnose\/\">Hypnose<\/a> \/ le <a href=\"http:\/\/alain-lefebvre-psychologue.fr\/index.php\/reequilibrage-emotionnel\/\">R\u00e9\u00e9quilibrage \u00e9motionnel<\/a><\/p>\n<hr \/>\n<p style=\"text-align: justify;\">Ma formation initiale en approche analytique classique associ\u00e9e \u00e0 celle du th\u00e9\u00e2tre th\u00e9rapeutique m\u2019ont offert un vaste choix d\u2019angles de vue afin de mieux saisir le sens des sympt\u00f4mes. Lorsque quelque chose \u00abva mal\u00bb, c\u2019est g\u00e9n\u00e9ralement l\u2019expression d\u2019un conflit dans une situation donn\u00e9e, ou plus particuli\u00e8rement dans un \u00ablieu\u00bb diff\u00e9rent qu\u2019est la sc\u00e8ne de l\u2019inconscient. Plut\u00f4t qu\u2019\u00ab\u00e9coute active\u00bb, je pr\u00e9f\u00e8re la nommer \u00ab\u00e9coute orient\u00e9e vers les solutions\u00bb, et cela est possible gr\u00e2ce \u00e0 des r\u00e9f\u00e9rences scientifiques, th\u00e9oriques, structuralistes, voire spirituelles mais surtout vivantes.<\/p>\n<p id=\"yui_3_16_0_ym19_1_1477080929803_11215\" style=\"text-align: justify;\">Si vous le souhaitez, je peux donc vous proposer des s\u00e9ries d\u2019exercices cibl\u00e9s issus de mon exp\u00e9rience du psychodrame analytique et existentiel, agr\u00e9ment\u00e9s de mes\u00a0aptitudes en analyse transactionnelle, gestalt, <a href=\"http:\/\/alain-lefebvre-psychologue.fr\/index.php\/emdr\/\"><span style=\"color: #ff0000;\">EMDR<\/span><\/a>, <a href=\"http:\/\/alain-lefebvre-psychologue.fr\/index.php\/hypnose\/\">hypnose<\/a>, soins \u00e9nerg\u00e9tiques, <a href=\"http:\/\/alain-lefebvre-psychologue.fr\/index.php\/reequilibrage-emotionnel\/\">r\u00e9\u00e9quilibrage \u00e9motionnel<\/a>, approche cognitive et comportementale, coaching de vie et d\u00e9veloppement personnel.<\/p>\n<p style=\"text-align: justify;\"><img loading=\"lazy\" decoding=\"async\" class=\"alignleft wp-image-74 size-medium\" src=\"https:\/\/alain-lefebvre-psychologue.com\/wp-content\/uploads\/2016\/08\/WP_20130509_084-300x225.jpg\" alt=\"photo_soleil_froid_JulioLeParc\" width=\"300\" height=\"225\" srcset=\"https:\/\/alain-lefebvre-psychologue.com\/wp-content\/uploads\/2016\/08\/WP_20130509_084-300x225.jpg 300w, https:\/\/alain-lefebvre-psychologue.com\/wp-content\/uploads\/2016\/08\/WP_20130509_084-768x576.jpg 768w, https:\/\/alain-lefebvre-psychologue.com\/wp-content\/uploads\/2016\/08\/WP_20130509_084-1024x768.jpg 1024w, https:\/\/alain-lefebvre-psychologue.com\/wp-content\/uploads\/2016\/08\/WP_20130509_084-900x675.jpg 900w, https:\/\/alain-lefebvre-psychologue.com\/wp-content\/uploads\/2016\/08\/WP_20130509_084-1280x960.jpg 1280w\" sizes=\"auto, (max-width: 300px) 100vw, 300px\" \/><\/p>\n<p style=\"text-align: justify;\">Cette palette d\u2019outils constitue une aide pr\u00e9cieuse pour se reconstruire, se r\u00e9approprier sa vie, en devenir responsable, acteur et cr\u00e9ateur, en permettant avant tout d\u2019acc\u00e9der plus ais\u00e9ment \u00e0 une lib\u00e9ration \u00e9motionnelle, une \u00e9volution concr\u00e8te, ouverte et positive par rapport \u00e0 vous-m\u00eame et aux autres.<\/p>\n<p style=\"text-align: justify;\">L\u2019id\u00e9e principale de cette d\u00e9marche est d\u2019atteindre une indispensable prise de recul et de conscience dans le respect et l\u2019amour de soi. Il ne s\u2019agit pas ici de se juger, encore moins de se condamner, mais de comprendre, d\u2019\u00e9voluer pour am\u00e9nager une r\u00e9elle place au changement.<\/p>\n<p style=\"text-align: justify;\">Comme l\u2019a dit Saint-Exup\u00e9ry\u00a0: \u00abPour ce qu&rsquo;il en est de l&rsquo;avenir, il ne s&rsquo;agit pas de le pr\u00e9voir, mais de le rendre possible\u00bb.<\/p>\n<p style=\"text-align: justify;\">Le questionnement joue de m\u00eame un r\u00f4le clef \u00e0 l\u2019\u00e9laboration de solutions. Ce que Socrate nommait la ma\u00efeutique, l\u2019art de faire accoucher les esprits, aujourd\u2019hui fait l\u2019objet d\u2019une discipline qui s\u2019appelle la questiologie, utilis\u00e9e \u00e9galement en PNL. L\u2019objectif \u00e9tant de vivre en paix et en accord avec soi, conditions essentielles pour trouver ou d\u00e9finir une v\u00e9ritable raison d\u2019\u00eatre.<\/p>\n<p style=\"text-align: justify;\">Freud comparait l\u2019analyse des r\u00eaves \u00e0 la passionnante t\u00e2che de Champollion d\u00e9chiffrant les hi\u00e9roglyphes \u00e9gyptiens, c\u2019est un peu ce travail de d\u00e9cryptage, de d\u00e9tective, cette qu\u00eate de discernement que je m\u2019\u00e9vertue de mettre en \u0153uvre dans ma pratique, mais tout autant, d&rsquo;optimiser et de redynamiser vos ressources et votre potentiel, pour vous amener \u00e0 \u00e9quilibrer un rapport viable et sain \u00e0 votre amour propre, quoi qu\u2019il se passe et quoiqu\u2019il se soit pass\u00e9.<\/p>\n<p><strong><a href=\"http:\/\/alain-lefebvre-psychologue.fr\/index.php\/consultations\/\">Consultations<\/a><br \/>\n<\/strong><\/p>\n<p style=\"text-align: justify;\"><strong><a href=\"http:\/\/alain-lefebvre-psychologue.fr\/index.php\/contacts-paiements\/\">Contact\/Rappel gratuit<\/a><\/strong><\/p>\n<p>RDV <a href=\"https:\/\/www.doctolib.fr\/psychologue\/paris\/alain-lefebvre-new\">Doctolib&rsquo;<\/a><\/p>\n<hr \/>\n<p style=\"text-align: justify;\"><span style=\"color: #9660cc;\"><strong>Pour aller plus loin&#8230;<\/strong><\/span><\/p>\n<p style=\"text-align: justify;\"><span style=\"color: #935dc9;\">Le vivant est vibrations et nos vies en sont les cons\u00e9quences et les aboutissants, <img loading=\"lazy\" decoding=\"async\" class=\"alignright wp-image-129 size-medium\" src=\"https:\/\/alain-lefebvre-psychologue.com\/wp-content\/uploads\/2016\/08\/symbol-d-infini-300x215.jpg\" alt=\"symbol-d-infini\" width=\"300\" height=\"215\" srcset=\"https:\/\/alain-lefebvre-psychologue.com\/wp-content\/uploads\/2016\/08\/symbol-d-infini-300x215.jpg 300w, https:\/\/alain-lefebvre-psychologue.com\/wp-content\/uploads\/2016\/08\/symbol-d-infini.jpg 376w\" sizes=\"auto, (max-width: 300px) 100vw, 300px\" \/>l\u2019affection et les cr\u00e9ations m\u00eames. Au niveau de nos corps, le c\u0153ur est l\u2019organe et la fonction qui \u00e9mane le plus de champs \u00e9lectromagn\u00e9tiques. Au-del\u00e0 de notre corps physique, l&rsquo;aura se compose de 6 autres corps \u00e9nerg\u00e9tiques (les corps \u00e9th\u00e9rique, \u00e9motionnel ou astral, mental, causal ou spirituel, supra-mental ou Bouddhique et le corps atmique ou divin qui tend vers l\u2019infini). Lors de notre incarnation, de notre naissance, et tout au long de notre d\u00e9veloppement, nous nous polarisons selon des lois d\u2019attractions\/r\u00e9pulsions sans que nous n\u2019en ayons d\u2019abord vraiment conscience.\u2026<\/span><\/p>\n<p style=\"text-align: justify;\"><span style=\"color: #935dc9;\">La psychologie moderne tire ses racines du courant des ali\u00e9nistes, \u00e0 la fin du 18<sup>\u00e8me<\/sup> si\u00e8cle, qui furent les premiers \u00e0 lib\u00e9rer les \u00ab fous des cha\u00eenes \u00bb ou a leur \u00e9viter quelque b\u00fbcher. Ce qu\u2019ils appelaient \u00ab la folie raisonnante \u00bb signifiait qu\u2019une part \u00ab saine \u00bb de la personne pouvait prendre conscience, avoir un jugement critique sur son \u00e9tat et ses actes. Dans cette id\u00e9e de prise de conscience, Freud balbutia avec la \u00ab catharsis \u00bb, id\u00e9e reprise au th\u00e9\u00e2tre grec antique dont la fonction \u00e9tait de purger et de purifier les passions. Il d\u00e9veloppa une th\u00e9orie tr\u00e8s impr\u00e9gn\u00e9e de mythes symboliques (par exemple : \u00ab tuer le p\u00e8re \u00bb, Eros et Thanatos, \u0152dipe et la Sphinge\u2026), ce que Jung approfondit dans son approche du Spiritus Mondi, de la synchronicit\u00e9 et des arch\u00e9types.<\/span><\/p>\n<p style=\"text-align: justify;\"><span style=\"color: #935dc9;\">La linguistique naissante au 20<sup>\u00e8me<\/sup> si\u00e8cle fut approfondit par l\u2019\u00e9cole fran\u00e7aise, et notamment par Lacan, pour mieux englober ces formes th\u00e9oriques des symboles pour enfin les lier \u00e0 l\u2019Imagination et au R\u00e9el. Ainsi l\u2019intrication pulsionnelle et duelle trouvait un autre ressort, non plus une r\u00e9alit\u00e9 objective, mais le R\u00e9el comme ne manquant de rien, l\u2019immensit\u00e9 et l\u2019\u00e9ternit\u00e9 m\u00eame\u2026<\/span><\/p>\n<p style=\"text-align: justify;\"><span style=\"color: #935dc9;\"><img loading=\"lazy\" decoding=\"async\" class=\"alignleft wp-image-76 size-medium\" src=\"https:\/\/alain-lefebvre-psychologue.com\/wp-content\/uploads\/2016\/08\/WP_20130509_058-300x225.jpg\" alt=\"photo_JulioLeparc_soleilfroid2\" width=\"300\" height=\"225\" srcset=\"https:\/\/alain-lefebvre-psychologue.com\/wp-content\/uploads\/2016\/08\/WP_20130509_058-300x225.jpg 300w, https:\/\/alain-lefebvre-psychologue.com\/wp-content\/uploads\/2016\/08\/WP_20130509_058-768x576.jpg 768w, https:\/\/alain-lefebvre-psychologue.com\/wp-content\/uploads\/2016\/08\/WP_20130509_058-1024x768.jpg 1024w, https:\/\/alain-lefebvre-psychologue.com\/wp-content\/uploads\/2016\/08\/WP_20130509_058-900x675.jpg 900w, https:\/\/alain-lefebvre-psychologue.com\/wp-content\/uploads\/2016\/08\/WP_20130509_058-1280x960.jpg 1280w\" sizes=\"auto, (max-width: 300px) 100vw, 300px\" \/>La psychologie a d\u2019abord \u00e9t\u00e9, \u00e0 l\u2019universit\u00e9, une branche de la philosophie avant de s\u2019imposer comme discipline ind\u00e9pendante. Il est important de le saisir car les diff\u00e9rents m\u00e9decins et th\u00e9oriciens de l\u2019Antiquit\u00e9 ont amen\u00e9 \u00e0 fonder cette sciences, Jung a contribu\u00e9 \u00e0 ce que l\u2019approche orientale y prenne part en s\u2019int\u00e9ressant au Tao.<\/span><\/p>\n<p style=\"text-align: justify;\"><span style=\"color: #935dc9;\">Le chapitre 7 de la R\u00e9publique de Platon, le fameux mythe de la caverne illustre divinement bien l\u2019approche essentialiste qu\u2019est ce courant philosophique. L\u2019essence, la v\u00e9rit\u00e9, la lumi\u00e8re, l\u2019id\u00e9e, r\u00e9side en haut de la montagne et par son rayonnement laisse des ombres sur les parois des cavernes que leurs habitants prennent pour la r\u00e9alit\u00e9 sans comprendre que ce sont leurs propres ombres projet\u00e9es. Ombres, longueur d\u2019ombre, longueur d\u2019onde, longueur d\u2019\u00e2me, c\u2019est aussi la relativit\u00e9 du temps qui g\u00e9n\u00e8re la confusion des sens.<\/span><\/p>\n<p style=\"text-align: justify;\"><span style=\"color: #935dc9;\">Le bienheureux philosophe qui a \u00e9t\u00e9 cherch\u00e9 ce savoir \u00e0 la source, se retrouve incompris de ses pairs. Pour l\u2019essentialisme, l\u2019essence des choses est donc l\u2019\u00eatre. (\u2026)<\/span><\/p>\n<p style=\"text-align: justify;\"><span style=\"color: #935dc9;\">Pour l\u2019existentialisme, \u00ab l\u2019existence pr\u00e9c\u00e8de l\u2019essence \u00bb. Sartre en ce sens n\u2019admet pas l\u2019inconscience, tout relevant d\u2019un choix primordial. \u00c9tymologiquement l\u2019existence (<em>ex <\/em>: hors, i<em>ste<\/em> : astre, \u00eatre) est justement hors de l\u2019\u00eatre. Il am\u00e8ne cette notion de devenir dans la qu\u00eate d\u2019un manque \u00e0 \u00eatre qui par ailleurs va orienter le circuit pulsionnel.<\/span><\/p>\n<p style=\"text-align: justify;\"><span style=\"color: #935dc9;\">Bien qu\u2019\u00e0 priori contradictoires, ces deux th\u00e9ories se compl\u00e8tent \u00e0 merveille avec les belles avanc\u00e9es des sciences dites \u00ab dures \u00bb, qui rejoignent maintenant psychologies, spiritualit\u00e9s et symbolisme, sous l\u2019\u00e9gide de la double causalit\u00e9. Le nerf du R\u00e9el est le paradoxe.<\/span><\/p>\n<p><img loading=\"lazy\" decoding=\"async\" class=\"aligncenter wp-image-441 size-full\" src=\"https:\/\/alain-lefebvre-psychologue.com\/wp-content\/uploads\/2016\/08\/tree.jpg\" alt=\"tree\" width=\"800\" height=\"400\" srcset=\"https:\/\/alain-lefebvre-psychologue.com\/wp-content\/uploads\/2016\/08\/tree.jpg 800w, https:\/\/alain-lefebvre-psychologue.com\/wp-content\/uploads\/2016\/08\/tree-300x150.jpg 300w, https:\/\/alain-lefebvre-psychologue.com\/wp-content\/uploads\/2016\/08\/tree-768x384.jpg 768w\" sizes=\"auto, (max-width: 800px) 100vw, 800px\" \/><\/p>\n","protected":false},"excerpt":{"rendered":"<p>En d\u00e9but de s\u00e9ance, je commence simplement par \u00e9couter ce que vous dites, c\u2019est la phase d\u2019exploration de la difficult\u00e9 puis je vous pose des questions pr\u00e9cises, parfois confrontantes, qui me permettent de mieux vous situer, c\u2019est la phase d\u2019analyse de votre fonctionnement. S\u2019il y a lieu, en m\u2019appuyant sur des leviers conscients et inconscients, [&hellip;]<\/p>\n","protected":false},"author":1,"featured_media":0,"parent":0,"menu_order":0,"comment_status":"closed","ping_status":"closed","template":"full-width-page-template.php","meta":{"footnotes":""},"class_list":["post-12","page","type-page","status-publish","hentry"],"_links":{"self":[{"href":"https:\/\/alain-lefebvre-psychologue.com\/index.php\/wp-json\/wp\/v2\/pages\/12","targetHints":{"allow":["GET"]}}],"collection":[{"href":"https:\/\/alain-lefebvre-psychologue.com\/index.php\/wp-json\/wp\/v2\/pages"}],"about":[{"href":"https:\/\/alain-lefebvre-psychologue.com\/index.php\/wp-json\/wp\/v2\/types\/page"}],"author":[{"embeddable":true,"href":"https:\/\/alain-lefebvre-psychologue.com\/index.php\/wp-json\/wp\/v2\/users\/1"}],"replies":[{"embeddable":true,"href":"https:\/\/alain-lefebvre-psychologue.com\/index.php\/wp-json\/wp\/v2\/comments?post=12"}],"version-history":[{"count":99,"href":"https:\/\/alain-lefebvre-psychologue.com\/index.php\/wp-json\/wp\/v2\/pages\/12\/revisions"}],"predecessor-version":[{"id":867,"href":"https:\/\/alain-lefebvre-psychologue.com\/index.php\/wp-json\/wp\/v2\/pages\/12\/revisions\/867"}],"wp:attachment":[{"href":"https:\/\/alain-lefebvre-psychologue.com\/index.php\/wp-json\/wp\/v2\/media?parent=12"}],"curies":[{"name":"wp","href":"https:\/\/api.w.org\/{rel}","templated":true}]}}